hat is the greatest common divisor of z and 128?
2
Let a be 102/(-4 - 3419/(-845)). What is the greatest common factor of a and 325?
65
Let s(c) = c**3. Let l be (3 - 65/25)/(4/10). Let o be s(l). Let t be ((-4)/(-2))/((-5 - -6) + o). What is the greatest common divisor of t and 7?
1
Let n be (-21)/((-2205)/43035) + 2/14. Suppose 0 = 2*f - 7*f + 50. Calculate the highest common divisor of n and f.
10
Suppose -73*h + 100 = -78*h. Let r be (1648/h)/(-4) + (-2)/(-5). What is the greatest common factor of r and 336?
21
Let t(d) = d + 1. Let q be t(4). Suppose q*l - 52 + 22 = 0. Suppose 2*f - 30 = l. Calculate the greatest common divisor of f and 18.
18
Let j(u) = u + 60*u + 7*u + 9 - 8*u. Let y be j(10). Calculate the highest common divisor of 87 and y.
87
Suppose 4*k + 53204 - 469498 = -14*o, -o - 3*k + 29757 = 0. What is the highest common divisor of 51 and o?
51
Let w = -15 + 36. Suppose 5*q + 18 = u - 12, -4*q + w = u. Let m = 30 - u. What is the highest common factor of m and 5?
5
Suppose 23*a - 3761 - 21171 = 0. What is the greatest common divisor of a and 4?
4
Let t be (-5)/(((-1)/(-21))/(-1)). Suppose 113 - 279 = -2*p. Let j = p + -48. What is the greatest common factor of t and j?
35
Suppose 2*t + 67 - 59 = 0, 0 = 4*y - 4*t - 120. What is the greatest common factor of y and 27469?
13
Suppose 0 = -8*h + 7*h. Suppose 0 = 6*c - h*c + 402. Let i = 122 + c. What is the highest common divisor of i and 5?
5
Suppose 0 = -2*g + 4*g - 10, 0 = 5*p + 3*g - 11065. What is the highest common factor of 34 and p?
34
Let l be (-11614)/(-12) + 111/666. What is the greatest common divisor of 2552 and l?
88
Let j(v) = -3 - 9 - 35*v - 60. Let p be j(-7). Let n = p - 48. What is the greatest common divisor of 50 and n?
25
Let v(d) = -45*d + 6. Let o be v(-5). Let g(t) = t + 48. Let k be g(36). Suppose 21*i - k = 17*i. Calculate the greatest common factor of o and i.
21
Let j(x) = 2*x + 6. Let d be j(11). Let u be 2/(-8) + 343/d. What is the greatest common divisor of u and 36?
12
Let r be 48/18 - ((-33)/(-9) - 3). Suppose 75 = r*o + 31. What is the highest common divisor of o and 22?
22
Suppose -130 = 5*y - 95, -5*t + 61901 = 2*y. Calculate the highest common divisor of t and 406.
203
Let l(w) = w + 29. Let o be l(-19). Let r be ((-132)/o)/((-22)/660). Calculate the highest common factor of r and 18.
18
Suppose 2*q - 76 = -3*f, -5*f = 4*q - 80 - 72. Suppose 616 = -33*u + 37*u + 2*c, -2*u + 5*c = -284. What is the highest common factor of q and u?
38
Let s(k) = k**3 + 12*k**2 - 11*k + 31. Let p be s(-13). Suppose i + p*g = -43, 4 + 1 = -g. Let v = 6 - i. What is the highest common divisor of 168 and v?
24
Suppose -72*k + 17047 = -82778 + 2193. What is the greatest common divisor of k and 28?
4
Suppose 4893*o + 3392 = 2*g + 4889*o, -4*o = 4*g - 6808. What is the highest common factor of 1530 and g?
170
Suppose 2*i + 38*q - 48 = 34*q, -i + 2*q + 32 = 0. Let u be (-2)/(-14) + (-1)/(i/(-612)). Calculate the highest common factor of 352 and u.
22
Let m = -278 - -390. Let b = m + -61. Calculate the highest common divisor of 119 and b.
17
Suppose -3*d + 20 = -2*d. Let g be (-11)/(-6) + 2185/690. What is the highest common divisor of g and d?
5
Let s(r) = -r**3 + 8*r**2 - 14*r + 12. Let t be s(6). Suppose 3*p - 2*q - 1064 = t, -423 + 1471 = 3*p + 2*q. Calculate the greatest common divisor of 22 and p.
22
Let b(w) = -w**2 + 4*w + 8. Let u be b(5). Suppose -5*h + 3 = -2*v - 2*h, 4*v + u = 5*h. Let p = 31 - v. Calculate the highest common divisor of p and 4.
4
Suppose -7*i - 85 = -260. Let w = -19 + i. Let n(p) = p**3 + p**2 - 16*p + 15. Let f be n(w). What is the greatest common divisor of f and 19?
19
Suppose -5*y + 20 = -5*g, -2*g - 7 = 2*y - 19. Suppose 0 = -3*j + 5*n + 23 + 3, -34 = -2*j - y*n. Calculate the highest common divisor of j and 348.
12
Let m be (-6)/(-9)*18/4. Let o be 6*(10 + 6/((-17)/((-102)/8))). What is the greatest common factor of m and o?
3
Let v be 9 + (1 - -1) - -1. Let o(q) = -q + 22. Let l be o(15). Let k(b) = 3*b**2 - 19*b + 16. Let u be k(l). What is the greatest common divisor of u and v?
6
Let q = -7638 + 11206. What is the highest common divisor of q and 16?
16
Let u be 20/(-4) + (7 - -1 - -1689). What is the greatest common divisor of 288 and u?
36
Suppose 12 = -7*h + 11*h. Suppose h*r - 16 = r. Calculate the greatest common factor of 64 and r.
8
Let c = -786 + 810. Suppose 50 = j + s, -5*s + 6 = j - c. What is the greatest common factor of 22 and j?
11
Let q be (-1806)/(-4) + (-231)/66. Suppose 10*z = 3*z + 98. What is the highest common factor of q and z?
14
Suppose 0*s - 27*s - 6156 = 0. Let x = -92 - s. What is the highest common factor of 17 and x?
17
Suppose 13*h - 3557 = -0*x + 3*x, -3*x = 5*h - 1393. Let v(r) = 26*r**3 - 2*r**2 + 1. Let j be v(1). Calculate the greatest common factor of h and j.
25
Let t = -135 + 200. Suppose 11*o - 21761 + 467 = -52*o. What is the highest common divisor of o and t?
13
Let i(n) = -n + 8. Let x be i(6). Let l be (-4 - -6)/(0 - x). Let a be l/1 - (-3268)/19. Calculate the highest common divisor of a and 19.
19
Let i(g) = g**2 - 46*g - 416. Let l be i(79). What is the highest common divisor of l and 7?
7
Let x(v) = -5*v**3 + 40*v**2 + 37*v - 128. Let y be x(8). Suppose -21 = -3*w - 5*h, 0 = 5*w - 3*h - 54 - 15. Calculate the highest common factor of w and y.
12
Let n be 7*(-5)/(35/2)*-1. Suppose 0 = -3*l, -22*l = n*a - 19*l - 120. What is the greatest common divisor of a and 40?
20
Suppose 4*y - 137 = -5*f - 9, -3*y + 6 = 0. Suppose 0 = -5*g - 5*v + 500, -130*g - v = -133*g + 332. What is the greatest common factor of f and g?
12
Let v = 130 - 126. Suppose 5*t + f - 50 = 0, 2*f - 21 = -v*t + 25. Calculate the greatest common factor of 36 and t.
9
Suppose 3*i - 4*s + 20 = 0, 5*i - 3*s + 6*s = 15. Suppose 4*k + 2*c - 12 - 10 = i, k = -4*c - 12. Calculate the greatest common divisor of k and 88.
8
Suppose -5*d = 15, -315*x - 3*d = -311*x - 26259. Calculate the greatest common divisor of x and 132.
33
Suppose 104 = 2*x + 8. Let w = x - 31. Let d(f) = 2*f - 28. Let i be d(w). What is the highest common factor of 4 and i?
2
Suppose -z = 3*w + 14, -4*z = 1 + 7. Let l be (-8 - 130/3)*6/w. What is the greatest common divisor of 33 and l?
11
Let j(a) = 41*a - 4. Let m be j(3). Let y = -27540 + 27574. Calculate the greatest common factor of y and m.
17
Suppose -218 = -8*k + 38. Let h be (-4)/(-14) + (3 - (-1287)/77). Calculate the greatest common factor of h and k.
4
Let x be (-3)/(-8) - (-13 + (-21185)/40). Let o = x + -542. Calculate the greatest common factor of 1 and o.
1
Suppose 3*r = 3*a - 996, 4*a + r = 3*r + 1320. Let s = -612 + 620. What is the greatest common divisor of s and a?
8
Suppose 0 = -6*w - 2 + 20. Suppose x = 2*g - 27, 629*g + 2*x - 65 = 626*g. What is the greatest common factor of g and w?
1
Let f(l) = 3026*l - 5785. Let c be f(8). Calculate the highest common divisor of 207 and c.
207
Let f(o) = -1767*o**3 - 215*o**2 - 432*o - 5. Let j be f(-2). What is the greatest common divisor of j and 110?
55
Let y = 39 + -23. Let k be (-22)/8*17/(17/12). Let x = -9 - k. Calculate the greatest common factor of y and x.
8
Suppose -7*x - 91 = 6*x. Let r be x/((-21)/(-6)) + 18. Suppose -3*p - 3 = -3*t + 39, 5*p = 10. What is the greatest common divisor of r and t?
16
Suppose 174 = 3*s - 9*c, 355 = 4*s + 2*c + 151. What is the greatest common divisor of s and 16796?
52
Let o be 1/(465/(-231) + 2). Let l = o + 114. Let m be 3/(-15) + 186/5. Calculate the highest common divisor of l and m.
37
Let l = 2463 + -1633. What is the highest common divisor of l and 70?
10
Let r be (-3)/21 + (-310)/35 + 399. What is the highest common factor of 255 and r?
15
Let d = 294 + -1193. Let s = -611 - d. What is the highest common factor of s and 32?
32
Suppose -37*i - 254 = -2104. Calculate the greatest common divisor of i and 12700.
50
Suppose 267 = 3*s - 237. Let f = -784 + 264. Let k be f/(-25) - (-3)/15. What is the highest common divisor of s and k?
21
Suppose -5*n = 124 - 219. Let l = 158 + -285. Let q = -89 - l. Calculate the greatest common factor of q and n.
19
Suppose -5*y + 121 = 11. Suppose 4 = -5*i + 14. Suppose k - y = -0*f - 2*f, i*f = k - 34. Calculate the highest common divisor of 140 and k.
28
Let g(